34 = -14. Let v = 1 + -1. Let j = v + c. What are the prime factors of j?
5
Suppose 4*j - 25 = -101. Let h = -14 - j. List the prime factors of h.
5
What are the prime factors of (6 + -4)*(46 + -1 + -3)?
2, 3, 7
Let j = -5 - -3. Let m be (4 - 2)*(-9)/(-6). List the prime factors of (-3)/(-1) + m + j.
2
Suppose 0 = 6*b - 2*b. Suppose -n + 3*n - 10 = b. What are the prime factors of n?
5
Suppose 4*p + 2*i = 18, -3*i + 9 = p + 2*i. Suppose -5*s + 48 = -p*s. What are the prime factors of s?
2, 3
Suppose 0 = 2*a - 2, -8*t - 3*a = -4*t - 335. What are the prime factors of t?
83
Suppose 0 = -3*m + 2*z + 91, -z + 125 = 4*m - 0*z. List the prime factors of m.
31
Let n = -2 + 7. Let o = 9 - n. What are the prime factors of o?
2
Suppose l = 2*l - 14. Suppose -r = r - l. Suppose -4*x + r*x = 9. What are the prime factors of x?
3
What are the prime factors of 26/3 - (-6)/18?
3
Suppose 9*s = 56 + 43. List the prime factors of s.
11
Let q = -2 - -6. Suppose -s - 4*k - q = 0, -s + 3*k - 2*k + 11 = 0. Suppose s + 1 = c. List the prime factors of c.
3
Let l(w) be the third derivative of w**4/24 - 7*w**3/6 - 4*w**2. Let t be l(9). What are the prime factors of (6/(-3))/(t/(-13))?
13
Let k(n) = n**2 + 9*n - 8. What are the prime factors of k(-11)?
2, 7
Let m(i) = -i + 44. Let o be m(0). Suppose -o = -4*p - 4*f, 4*p - 5*p - 4*f = -2. List the prime factors of p.
2, 7
What are the prime factors of ((-6)/15)/(13/(-3380))?
2, 13
Let o = 18 - 6. Let p(v) = 8*v**3 + v - 1. Let m be p(1). Let s = o - m. List the prime factors of s.
2
Suppose 3*l - 108 = -3*s - 0*s, -4*l - 2*s + 152 = 0. Suppose 5*t = 3*g + l, 2*t + 5*g = -16 + 1. List the prime factors of t.
5
Let x = 13 - 7. Let z be x*(-1)/2 + 11. Let q = -5 + z. List the prime factors of q.
3
Let b be (12/(-9))/(4/(-6)). Suppose 115 - 26 = 3*l + t, b*l - 58 = -2*t. What are the prime factors of l?
2, 3, 5
List the prime factors of 7850/22 - 22/(-121).
3, 7, 17
List the prime factors of (8/(-5))/((-12)/660).
2, 11
What are the prime factors of 147 + 5 + -8 + -2?
2, 71
List the prime factors of (8/(-20))/(4/(-30)).
3
Let h(y) be the third derivative of y**5/60 + y**4/2 + 5*y**3/2 - 3*y**2. Let n be h(-12). Let w = n - 8. List the prime factors of w.
7
Suppose -5*j + 33 = 13. Suppose 4*t = 3*f, 5*f - 2*t = -j*t + 26. List the prime factors of f.
2
Let z(x) = -2*x**3 + 4*x**2 - 4*x + 3. Let f be z(2). Let b = 5 + f. Suppose b = 3*m - 6, -2*m + 16 = -2*t + 6*t. What are the prime factors of t?
3
Suppose -228 - 145 = -5*u + 4*s, 2*u + s - 157 = 0. What are the prime factors of u?
7, 11
Let a = 27 + -12. What are the prime factors of a?
3, 5
Let b(a) = 6*a**2 + 3*a + 7. List the prime factors of b(4).
5, 23
What are the prime factors of (-658)/(-6) - (-24)/18?
3, 37
Let l be (3 - 2)/((-3)/(-90)). Suppose -c + l = 4*c. List the prime factors of c.
2, 3
Suppose 3*g = 7*g - 128. List the prime factors of g.
2
Suppose 223 = -0*m + m. List the prime factors of m.
223
Let u = 24 + -15. Let p(m) = -m**3 + 10*m**2 - 3*m - 2. Let f be p(u). Suppose n + 3*n = f. List the prime factors of n.
13
Suppose n = -0*n + 4. Suppose -5*s + 135 = n*h - 8*s, -36 = -h + 3*s. What are the prime factors of h?
3, 11
Suppose -2*m - 3*m - n + 19 = 0, -m - 2*n + 11 = 0. Suppose t - 2 = -0*t - 4*y, 5*t = -m*y + 27. What are the prime factors of t?
2, 3
Suppose 0*t = -2*t. Suppose u + 5*j - 2*j - 8 = 0, t = 5*u + j - 68. Suppose 0 = 3*w - 37 - u. What are the prime factors of w?
17
Let w(j) = -2*j**3 - 6*j**2 - 5*j + 1. Let k be w(-5). Let c be (7/((-7)/(-2)))/2. List the prime factors of (k/(-9))/(0 - c).
2, 7
Let f be 3*1/(3/93). What are the prime factors of 4/6 - f/(-9)?
11
Suppose -34*o - 205 = -39*o. What are the prime factors of o?
41
Let q(p) = -8*p - 6. Let x(d) = -d - 1. Let a(u) = -q(u) + 6*x(u). What are the prime factors of a(2)?
2
What are the prime factors of (-146)/(-4) - (-15)/(-10)?
5, 7
Let f(x) = -x**3 + 7*x**2 - 10*x + 2. Let b be -2 + 6 + 2 + -2. Let d(r) = -r + 1. Let t(z) = b*d(z) - f(z). List the prime factors of t(6).
2
Suppose -3*z + 252 = 4*p + z, -2*p = z - 122. What are the prime factors of p?
59
Let a be ((-12)/(-6))/((-2)/7). Let v(m) = -m**3 - 6*m**2 + 4*m - 10. List the prime factors of v(a).
11
Let r(n) = -n**3 + 5*n**2 + 4*n - 1. Let p be r(4). Suppose 2*o + 5*b = 67, -69 = -4*o + 2*b + b. Let x = p - o. List the prime factors of x.
2, 5
Let g(m) be the third derivative of m**6/120 + m**5/12 - 7*m**2. What are the prime factors of g(-3)?
2, 3
Let n(y) = -y**3 - 3*y**2 + 3*y - 5. What are the prime factors of n(-5)?
2, 3, 5
Suppose 559 = 3*z - 602. List the prime factors of z.
3, 43
Let k(b) = 3*b - 1. Let p be k(1). Suppose -p*g + 12 = -12. Suppose -g = -5*a + a. What are the prime factors of a?
3
Suppose 0*o + 2 = o. Suppose -n + 5*n = 4*q + 12, 0 = -3*q - o*n + 11. Let r(t) = 3*t**3 - t**2 + 1. What are the prime factors of r(q)?
3
Suppose -14 - 28 = -3*b. What are the prime factors of b + (-3 + 3)/2?
2, 7
Suppose -3*g = -3*b - 27, -2*g - g = -2*b - 20. Let c = -22 - b. List the prime factors of (-39)/c - (-4)/10.
3
List the prime factors of (-4624)/(-112) - (-4)/(-14).
41
Suppose 0 = -3*g - 3, g - 3 = -2*o + 4. List the prime factors of o.
2
Let r = 5 + -1. Suppose d = 4*t + 4*d - 76, -3*d - 76 = -r*t. Suppose i = -4*i - 2*c + 30, -i - 3*c + t = 0. What are the prime factors of i?
2
Suppose -3*y = 5*o - 13, 0 = 5*y + 5*o - o - 13. What are the prime factors of y/5 - 34/(-5)?
7
Suppose o - 26 = 3*o. Let r = -9 - o. Let m = r + -1. List the prime factors of m.
3
Suppose -7*a + 2*a = 4*p - 419, 2*a = -4*p + 434. What are the prime factors of p?
3, 37
Let v = 12 + 25. What are the prime factors of v?
37
Let c = 8 + 1. What are the prime factors of c?
3
Let v(k) = k**2 - 8*k + 14. List the prime factors of v(8).
2, 7
Suppose 0*z = -2*z + 8, 2*g = -4*z + 30. Let u be g - 3/((-1)/(-1)). Suppose u*m - 32 = 2*m. List the prime factors of m.
2
Let g = 242 - 113. What are the prime factors of g?
3, 43
Let i(u) = -u**2 - 9*u - 7. Let w be i(-7). Suppose 89 = 3*a + 2*q, w*q = 2*q + 20. List the prime factors of a.
3
Let y = 0 + 9. Suppose -4*i - y = -45. List the prime factors of i.
3
Let b(f) = 2*f - 5. Let r be b(4). Suppose 24 = -r*g + 3*n, -g = g - 5*n + 10. What are the prime factors of ((-4)/g)/((-3)/(-30))?
2
Suppose -2*z = -2 - 2. Let s(i) = 3*i**2 - 2*i. Let m be s(z). Suppose x = -2*u + 10, m = 2*x + 2*x. What are the prime factors of u?
2
Let n(m) be the first derivative of m**4/4 + 2*m**3 - 4*m**2 + 8*m - 1. Let x be n(-7). Let h = -7 + x. What are the prime factors of h?
2
Suppose -5*d + 11 + 19 = 0. What are the prime factors of d/39 + 308/26?
2, 3
Suppose 65 = 2*j - 81. List the prime factors of j.
73
Suppose -q + 14 = q. Let n be -1*1*1*-13. Let t = n - q. What are the prime factors of t?
2, 3
Suppose -3*q + 60 + 24 = 0. Let f = -61 + q. Let n = f + 46. List the prime factors of n.
13
Let a = -1 - 9. Let u be (42/(-15))/(4/a). Suppose -u - 2 = 3*j + 5*x, 0 = -3*j + 3*x + 15. What are the prime factors of j?
2
Suppose 0*v + 4*v - 20 = -2*p, -5*p = 10. Let g = -1 + v. Suppose 5*j = 5 + g. List the prime factors of j.
2
Let y = -326 + 530. List the prime factors of y.
2, 3, 17
Let l = 5 - -13. Let a = 11 - l. Let d = a - -20. List the prime factors of d.
13
Let v(m) = -2*m - 3. Let l be v(4). Let y = l + 16. Suppose -2*n + y*n = 3*f + 6, 2*n = -5*f + 25. List the prime factors of n.
5
Let p(a) = a**3 + 4*a**2 - 2*a + 5. What are the prime factors of p(-4)?
13
Suppose 0*u = -2*u - 5*l - 29, 2*l = 5*u. What are the prime factors of (6/(-4))/(u/4)?
3
Let p(u) = u**3 - 7*u**2 + 1. Let t be p(7). Let d be (t - -1)*(1 - 0). Suppose -5*f - 10 = -g, 3*f - f = -d. What are the prime factors of g?
5
Let a(n) = -3*n**3 - 8*n**2 + 14*n - 13. Let h(r) = -13*r**3 - 31*r**2 + 56*r - 52. Let s(g) = -9*a(g) + 2*h(g). List the prime factors of s(-11).
2, 23
What are the prime factors of -4 + 2 + 58 - -4?
2, 3, 5
Suppose -7*s + 184 = -3*s. Suppose -s = 4*w + 34. Let d = w + 29. List the prime factors of d.
3
Suppose 2 = w - 2. Let m be (-15)/10*w/(-3). Suppose 5*o = -2*v + 63, o + m*v - 16 = -5. List the prime factors of o.
13
Let m = -53 + 97. List the prime factors of m + -6 - (-2 - -2).
2, 19
Suppose -5*t = -10*t + 55. Let i =